 - k. What is the units digit of i?
2
Let c(y) = -101*y**2 + 4*y - 1. Let i be c(5). Let d be 2/(-3) - i/42. Suppose j - d = -4*h + h, -5*h - 59 = -j. What is the units digit of j?
9
Let i = 37 + -26. Suppose -756 = 5*y - i*y. What is the units digit of y?
6
Suppose -15*q = 2*i - 20*q - 636, 2*i = q + 644. What is the units digit of i?
3
Let m(v) = 88*v - 236*v + 5 + 3. What is the hundreds digit of m(-1)?
1
Let a(g) = g**2 + 4*g + 16. What is the units digit of a(-7)?
7
Suppose -18 = v + 5. Let b be -2*1/5*-95. Let h = b + v. What is the units digit of h?
5
Suppose -5*s - 487 = -p, -3*p + 3*s = s - 1461. What is the hundreds digit of p?
4
Suppose -15*k + 13*k = -466. Suppose i + 2*r = -4*i + k, i - 3*r = 33. What is the tens digit of i?
4
Let c(o) = o - 6. Let n = -7 - -15. Let x be c(n). Suppose -5*z + q = -66, 5*z - x*q + 10 = 77. What is the tens digit of z?
1
What is the tens digit of 396 - (-1 + 8 + (-18)/6)?
9
Let h be 3 + (-9 + 3)/(-3). Suppose h*a = 13 + 7. What is the units digit of (26 + 1)*a/6?
8
Let l(h) = 3*h**3 - 2*h + 1. Let v = 0 - -3. Suppose -v*z + b = -1, -3*z - 5*b = -b - 11. What is the units digit of l(z)?
2
Suppose -10*m + 7*m + 9 = 0. Let w be 77 + m + (-3 - -3). Suppose -x = x - w. What is the units digit of x?
0
Let z be 16 - 12 - (-1 + 1). Let h(a) = a**3 + a**2 + a + 1. Let p be h(-1). Let m = z + p. What is the units digit of m?
4
Let w = 1584 - 1019. What is the tens digit of w?
6
Let c(u) = -2*u + 22. Let m be ((-27)/(-5))/((-30)/(-100)). Let a be c(m). What is the units digit of 30/2 - (a + 16)?
3
Suppose 3*m + 2*j = 3406, 3*m - 4*j - 4528 = -m. Suppose 7*x - m = -0*x. What is the tens digit of x?
6
Let l(m) be the third derivative of m**6/60 + m**5/15 + m**4/12 - m**3 + 8*m**2. What is the units digit of l(3)?
0
Let a = -456 - -662. Let d = 305 - a. What is the units digit of d?
9
Suppose 0 = 426*q - 420*q - 23376. What is the tens digit of q?
9
Let h be (-319)/87 - ((-1)/(-1))/3. What is the hundreds digit of h/(-12) + 1048/6?
1
Suppose 37 = 2*y - 13. Suppose -y*t + 20*t + 245 = 0. What is the tens digit of t?
4
Let v(g) = -36*g - 13. Let b be v(-21). Let l = b + -487. What is the units digit of l?
6
Let l be (6/9)/((-3)/(-54)). Let c be (10/3)/(2/3). Let i = l - c. What is the units digit of i?
7
Let n be (9/(-12))/(2/(-8)). Let f be -2 + (-2)/(4/(-14)). Suppose n*g - 68 = -2*q - 6, 31 = q + f*g. What is the tens digit of q?
3
Let i = -784 + 2035. What is the units digit of i?
1
Suppose -3*l = 5*u - 22620, -4*l - 3326 - 10246 = -3*u. What is the thousands digit of u?
4
Suppose -104 = -4*m + 4*j, 3*j + 0*j + 15 = 0. Suppose 399 - m = 6*l. What is the units digit of l?
3
Suppose 3*o - u - 9 = 0, -4*o - o + u = -13. Suppose o*x = -4*p + 2, -x - 5*p = 10 + 1. What is the units digit of x?
9
Suppose 0 = -4*d - c + 9213, 8*d - 13*d + 5*c + 11510 = 0. What is the tens digit of d?
0
Let r = -1257 - -1922. What is the tens digit of r?
6
Suppose 0 = -2*z + 2, -10*k - 378 = -13*k + 3*z. What is the units digit of k?
7
What is the units digit of (82*3/(-18))/((-1)/369)?
3
What is the units digit of 3364/10 + (-28)/70 + 0?
6
Suppose 0 = -m + 4*j + 31, -4*m + 2*m - 2*j + 72 = 0. Suppose i - m = 25. Let f = i - 35. What is the tens digit of f?
2
What is the tens digit of 3 - 1587/(-5) - (-10)/(-25)?
2
Let d = -18 - -19. Let v = 4 + d. What is the units digit of v?
5
Suppose 2*i - x - 13 = i, 4*x = 2*i - 32. Suppose 6*s - s = 2*m + 14, 0 = -5*m - i. What is the units digit of s + 4*3/12?
3
Suppose -3*i = 37 - 19. What is the tens digit of (880/22)/((-2)/i)?
2
Suppose -7*a = 15*a - 7238. What is the units digit of a?
9
Suppose 5*o - 170 = 145. Suppose -l = -3*f + 225, -363 = -4*f + 5*l - o. What is the units digit of f?
5
Suppose 3*h - 3*u - 144 = -0*h, 3*h - 112 = -5*u. Suppose 3*o + h - 212 = 0. What is the units digit of o?
6
Let j be (12/(-10))/((-6)/60). Suppose -j*u = -17*u + 155. Let h = u - 8. What is the units digit of h?
3
Let w(t) be the first derivative of 4*t**3/3 - 5*t**2/2 - 4*t + 8. What is the units digit of w(4)?
0
Let a = 111 + 31. Suppose 130 = 7*m + 39. Suppose m = -3*c + a. What is the units digit of c?
3
Let c = 135 - 59. What is the units digit of c?
6
Let a(q) = q**3 - 2*q**2 - 4*q + 1. Let y be a(3). Let j = 6 + y. Suppose 3*r = 5*s - 258, -4*s + j*r = -159 - 41. What is the units digit of s?
4
Let k = -727 - -1247. What is the units digit of k?
0
Suppose 0 = 5*s - 0*s + 55. Let b = s - -16. Suppose b*r - 180 = -60. What is the units digit of r?
4
Suppose -3*n - 85 = -2*n. Let d = 48 + n. Let w = d + 53. What is the units digit of w?
6
Suppose 6*f = 2*f - 4*t + 448, 3*f = 4*t + 371. What is the units digit of f?
7
Suppose 0*l + 4*l = 432. Let p = 176 - l. What is the tens digit of p?
6
Let r be 0*(9/(-3) + 2). Suppose -5*h + 34 = -3*c, -c + r*c + 12 = 3*h. What is the units digit of h?
5
Suppose 0*m + 23 = 5*g - 2*m, 16 = -4*m. Suppose -t = -g*t. Suppose -3*i = 2*n - 70, t*n = i + n - 25. What is the tens digit of i?
2
Suppose -2*z - 1384 = -4*z. What is the tens digit of z?
9
Let l(z) = 97*z**3 - z**2 - z + 2. Let v(t) = 2*t**2 + 22*t - 23. Let p be v(-12). What is the tens digit of l(p)?
9
Let r(s) = -2*s**2 + 43*s + 34. Let b be r(22). Suppose 717 = b*n + 21. What is the units digit of n?
8
Suppose 2*x = -2*c - 2*c + 3250, 3*c - 4*x - 2465 = 0. What is the units digit of c?
5
Let i(n) be the third derivative of -n**4/8 + 2*n**3 + 12*n**2. What is the units digit of i(-7)?
3
Let o(a) = -a**3 + 7*a**2 + 8*a + 2. Let r be o(8). Let d be (-13316)/(-7) + r/(-7). What is the units digit of (-2)/7 - d/(-42)?
5
Suppose -2*t + 1 = -3*t. Let d(n) = -5*n**2 + 46*n**2 + 4*n**2 + 1 + n. What is the tens digit of d(t)?
4
Let s(g) = -g**2 + 16*g + 12. Let x be 101/11 + 1/22*-4. What is the units digit of s(x)?
5
Let k(g) = -g**2 - 8*g + 5. Let p be k(-9). Let o be p/8*-8 - 4. Suppose -7*f + 3*f + 4*d = -24, 2*d + 2 = o. What is the units digit of f?
5
Let i(y) = -y**2 + 5*y + 9. Let u be i(6). Suppose -w + 496 = u*w. What is the tens digit of w?
2
Suppose -76 = 4*x + 4*q, -3*x - 37 = -x + 3*q. Let i = x + 21. What is the units digit of i?
1
Let g(f) = -6*f + 32. Let l be g(5). Suppose l*c = 4*c - 546. What is the tens digit of c?
7
Let h be 63/(-3)*(-13)/3. Suppose -5*o = -4*u + 10, -3*o + 4*o + 2*u - 12 = 0. Suppose o*q + q - 5*m - 112 = 0, 4*q - h = -5*m. What is the units digit of q?
9
What is the hundreds digit of 36/(-12) + 787/1?
7
Suppose 4 - 112 = 6*b. Let d = 5 - b. What is the units digit of d?
3
Let l(j) = -22*j + 9. Let b be l(9). Let y = 397 + -132. Let v = b + y. What is the tens digit of v?
7
Let k(m) = -5*m - 34. Suppose 9*v - 36 = 12*v. What is the tens digit of k(v)?
2
Let l = -60 - -53. Let c(r) = r**3 + 8*r**2 - 3*r. What is the units digit of c(l)?
0
Suppose 155 - 568 = -7*s. Suppose 0 = z - s - 93. What is the hundreds digit of z?
1
Let t(k) = k**2 - 9*k + 21. Let w be t(5). Let f(a) = 151*a**3 - 2*a + 2. What is the units digit of f(w)?
1
Suppose -5*d + 4*c + 4396 = 0, 97*c - 99*c + 2642 = 3*d. What is the units digit of d?
0
Suppose 0 = 7*h - 6*h - 5. Suppose 0 = 3*s - h - 85. Let p = s + -11. What is the tens digit of p?
1
Let u be (1 + 59)*56/6. Suppose 2*i + 6*i = u. What is the tens digit of i?
7
Let r(v) = 29*v - 57. What is the units digit of r(12)?
1
Let r be (1/2)/((-6)/36). Let b be 2/r*24/16. Let m = b + 6. What is the units digit of m?
5
Let c be (-4 + 19/4)*(4 - 0). Suppose -5*x + 3*h + 309 = 0, 8*x - c*x + 2*h - 319 = 0. What is the tens digit of x?
6
Suppose 576 = 10*k - 414. What is the tens digit of k?
9
Let t = 105 - 84. Suppose -17*o - 300 = -t*o. What is the tens digit of o?
7
Let d(a) = 4*a**2 - 31*a + 111. What is the units digit of d(6)?
9
Let w be (2 - 1)*(4 - 4). Suppose -5*u + 20 = -w. What is the units digit of 7/(((-2)/u)/(-1))?
4
Let o = -4 + -4. Let i(z) = z**3 + 9*z**2 - 2*z - 1. What is the units digit of i(o)?
9
Let v = -1731 - -5749. What is the units digit of v?
8
Let i(l) = l**3 + 2*l**2 - 6*l - 5. Let z be i(-3). Suppose -297 - 127 = -z*w. What is the units digit of w?
6
Let w(p) = -34*p - 101. What is the units digit of w(-8)?
1
Let r = -40 + 26. Let f = r + 34. Let m = f + -9. What is the tens digit of m?
1
Let t be (-2)/(-3)*507/2. Let j = -119